ommon factor of m and 52.
26
Let l be (12/(-7))/(2/(-14)). Suppose 3*t = -2*s + 53 + 97, 0 = 5*t + s - 243. What is the highest common divisor of t and l?
12
Let j be (-2)/(-9) - (-28574)/126 - -1. What is the highest common divisor of j and 12?
12
Suppose -f = -5*d + 20, 4*f - 26 = -2*d + 4. Let b be 4/18 + (-223)/(-9). Calculate the greatest common factor of d and b.
5
Let w be (38 + 1)/(-3)*-14. Calculate the highest common factor of 28 and w.
14
Suppose v = -3*v + 360. What is the greatest common factor of 10 and v?
10
Suppose 2*v = 28 + 24. What is the greatest common factor of 52 and v?
26
Suppose 4*j = -3*z - 0*j - 10, -20 = 5*j. Let x be 13 + z*4/(-8). Calculate the highest common divisor of x and 96.
12
Let n be -3 + 14 - 1*3. Let u = n - 6. Suppose -5*c + 9 = -u*c. Calculate the greatest common divisor of c and 2.
1
Suppose 0 = -3*a - 2*a - 5*z + 20, -4*z = a - 4. Suppose b - 29 = -3*m + 6*b, -a*m = 3*b. Calculate the greatest common divisor of 33 and m.
3
Suppose 0 = 3*s - 9, -7 = -2*b - 2*s + 5. Let q = 5 + b. What is the highest common factor of 32 and q?
8
Suppose 3 + 1 = 4*x. Let q(i) = i**3 - 5*i - 2*i**3 + 8*i**2 - x + 2 + 0. Let o be q(7). Calculate the highest common factor of 3 and o.
3
Suppose 2*r + 2*r - 112 = 0. Suppose 5*b = 3*b. Let k(a) = -a**3 - a**2 - a + 70. Let w be k(b). Calculate the greatest common divisor of w and r.
14
Let t(g) = -19*g + 6. Let r be t(-5). Suppose -4*d = -163 - r. Let q be 44/1 + (0 - 0). Calculate the highest common divisor of q and d.
22
Let r(c) = -2*c + 3*c**2 - 2*c**2 - 7 + 7. Let z be r(-3). What is the highest common factor of 105 and z?
15
Suppose -2*j - j = 4*g - 70, 0 = 4*g - 4. Suppose 0*q + 88 = q. Calculate the greatest common factor of j and q.
22
Let l(a) = a**2 + 11*a + 39. Let v be l(-13). Calculate the greatest common divisor of 26 and v.
13
Suppose 3*b + 59 = 5*i, 0 = 2*i - 2*b + 7*b - 5. Let l = i - 1. Calculate the highest common factor of l and 1.
1
Suppose -3*w - 4*v = -7, -2*w - 3*v + 18 = -7*v. Let d = -2 + w. Let q = 7 - d. Calculate the greatest common factor of q and 1.
1
Let x = 62 + -36. Calculate the highest common divisor of 208 and x.
26
Let r(p) = -p**3 + 4*p**2 + 5*p - 4. Let l be r(4). Let s = l + -14. Calculate the greatest common factor of s and 2.
2
Let h(i) = 16*i - 3. Let x be h(2). Suppose -5*g = d + 1 + 24, -x = 2*d + 3*g. Let t = 26 + d. Calculate the highest common divisor of 40 and t.
8
Let t be 1/1*(-10 + 20). Let o be (6 + -5)*t/2. What is the highest common factor of o and 2?
1
Suppose 0 = 5*t + 10, 1 = 2*o - 4*t - 37. Suppose 5*y + 55 = 4*w, -4*w + 0*y + 3*y + 57 = 0. Calculate the greatest common factor of w and o.
15
Suppose 672 = 11*f - 7*f. Calculate the greatest common divisor of 14 and f.
14
Suppose -31 - 29 = -4*y. What is the highest common factor of y and 195?
15
Suppose -3*m = 3*k - 33, k - 20 = -6*m + 2*m. Let d = k + -4. What is the greatest common divisor of d and 6?
2
Let u(v) be the first derivative of v**2/2 + 9*v + 1. Let z be u(-5). Calculate the greatest common divisor of 20 and z.
4
Suppose -3*o - 5*r + 6 = 0, -1 = -o + r + 1. Calculate the greatest common divisor of o and 8.
2
Let r(t) = -t**3 + 7*t**2 - 9*t + 5. Let d be r(5). What is the highest common divisor of d and 90?
10
Let p be 27 - (-15)/(-6)*2. Calculate the highest common divisor of 154 and p.
22
Suppose 0 = -5*w - 5*w + 80. Suppose -2*c = 3*k - 6*k + 16, -4*k + 3*c = -22. What is the greatest common factor of k and w?
4
Let o(x) = x**2 + 10*x + 23. Let h be (-1)/3 + (-261)/27. Let c be o(h). Calculate the highest common divisor of 46 and c.
23
Let l = -4 + 7. Suppose p - l*t = 22, p + 4*t = -2 - 4. Let j be 176/10 - p/(-25). What is the greatest common divisor of j and 2?
2
Let c(i) = -i**2 + 15*i - 27. Let a be c(11). What is the highest common divisor of 153 and a?
17
Let t(k) = k**3 + 10*k**2 + 3*k - 2. Let c be t(-10). Let g = 48 + c. What is the greatest common factor of 2 and g?
2
Suppose -8*b + 13*b - 5*y = 415, -5*y + 233 = 3*b. Calculate the greatest common factor of b and 108.
27
Suppose 5*n = g + 228, -3*n - 4*g + 141 = -5. Let l = n - 6. Let r be (16/(-6))/((-4)/24). Calculate the highest common factor of l and r.
8
Let s = 47 + 23. Suppose l - s = -l. What is the greatest common factor of 5 and l?
5
Let r be ((-44)/5)/(1/(-5)). Let h be (12/10)/((-9)/(-30)). What is the greatest common factor of r and h?
4
Let r = -130 + 211. Calculate the highest common factor of r and 9.
9
Suppose -3*b + 2*m = -346, 5*b - m = m + 582. Suppose -g - 2*o + 80 = -36, -g + b = o. What is the greatest common factor of 15 and g?
15
Let z = 13 - 9. Suppose -144 = -3*p + 3*u, -3*p + 116 = -0*p + 4*u. Calculate the greatest common factor of z and p.
4
Suppose -d = p + 3*d - 20, 0 = -2*p + d + 40. Suppose -10 = -u - u. What is the highest common divisor of u and p?
5
Suppose h = -h + 32. What is the highest common factor of 4 and h?
4
Let y(u) = 63*u. Let x be y(1). Let o be -3*(-2)/(-3)*3. Let j = 13 + o. What is the highest common factor of x and j?
7
Let b(i) = 2*i - 5. Suppose 0 = -2*n + 3*v + 23, -3*v + 4*v = -n - 1. Let r be b(n). Calculate the highest common divisor of r and 3.
3
Suppose 48 = 2*x + 2*x. Suppose 3*w - h - 175 = -0*w, 3*w = 3*h + 165. Calculate the greatest common factor of x and w.
12
Suppose 3*x + 1 = 13. Suppose 3*v - 4*g - 45 = 0, -1 = -g - x. Calculate the greatest common factor of 55 and v.
11
Suppose 0 = 3*m + t - 55, 9*t = -4*m + 4*t + 55. Suppose -5*p - 7 - 12 = -r, 2*r = p + m. What is the greatest common factor of 72 and r?
9
Let h(b) = 5*b**2 + 2*b**2 - 4 + 5*b - b**3 + 2*b**3. Let a be h(-6). Let n = a + 1. What is the greatest common divisor of n and 33?
3
Suppose -4*v - 1 = 3. Let u be (v - 24/(-15))*5. Let g be (-330)/8*(-8)/u. What is the highest common divisor of g and 10?
10
Suppose 0 = -4*r + 5*r - 44. Calculate the greatest common factor of r and 11.
11
Suppose -2*k = 3*g - 60, -2*k + k - 2*g + 32 = 0. Let l = 27 - 19. Calculate the greatest common factor of l and k.
8
Suppose 0*g = 5*o + g - 209, -g = -o + 43. Let x = 265 + -137. Suppose -b + 3*l = -2*b + 40, -3*l - x = -5*b. Calculate the greatest common factor of b and o.
14
Let n be 1/(-3) + (-125)/(-15) + 2. What is the highest common divisor of 70 and n?
10
Let g be (30/(-25))/(-2 - (-7)/5). Calculate the highest common factor of 62 and g.
2
Suppose 3*h + 21 - 15 = 0. Let p be 3 - h/((-2)/(-5)). Let t = 8 + 12. What is the greatest common divisor of p and t?
4
Suppose 4*n = -10 + 6. Let r be ((-3)/6)/(n/36). Calculate the highest common factor of r and 18.
18
Let x(l) = -3*l**2 - l - 2 + 4*l**2 + 0*l**2. Let k be x(3). Calculate the greatest common divisor of k and 8.
4
Suppose 6*o - 15 = -u + 4*o, -5*u - 2*o = -67. Let z be 9*(-2 - -1)*1. Let l = u + z. Calculate the highest common divisor of 32 and l.
4
Let b be 178/10 - (-1)/5. Calculate the highest common divisor of 2 and b.
2
Let d(n) = n**2 - 5*n - 4. Let j be d(6). Suppose z - j*m = -0*z + 8, -33 = -5*z + 3*m. Calculate the highest common divisor of 4 and z.
2
Suppose -129 = -3*b + u, 2*u = -4*b + 282 - 120. What is the greatest common divisor of b and 21?
21
Let g be 1/(-1*(-2)/22). Suppose 2*u - 5*j + 20 = 7*u, -u - 8 = -3*j. Calculate the highest common factor of g and u.
1
Suppose 156 = 3*p - 4*n - 138, 5*p - 5*n = 490. What is the greatest common factor of p and 28?
14
Let g be -2 + (-1 - -2)*9. Suppose 5*i + 31 = 206. What is the greatest common divisor of i and g?
7
Let u be (2*-1 - -3) + 3. Suppose u*r = 9*r + 20, 3*r = -2*v + 18. Let a(n) = -n**3 + n. Let y be a(-2). What is the greatest common factor of y and v?
3
Let a be (-250)/(-30) + 1/(-3). Calculate the greatest common factor of 1 and a.
1
Let y be (-935)/(-45) - (-4)/18. Suppose 4*t + 4 = 0, 15 = 3*l - 5*t - 11. Calculate the greatest common factor of l and y.
7
Suppose 8*f - 7*f = 12. What is the highest common factor of 4 and f?
4
Let n be 2/(-3) + 41/3. Let a = 26 + 0. What is the greatest common divisor of a and n?
13
Let k be ((-26 - -5) + (-3)/1)/(-1). What is the highest common factor of k and 16?
8
Let v(j) = j**3 - 5*j**2 + 3*j - 1. Let p be v(5). Calculate the highest common factor of 154 and p.
14
Suppose 5*w + 2*b - 850 = 0, -647 = -w